?
3
What is the hundred thousands digit of 2488106?
4
What is the hundred thousands digit of 1352668?
3
What is the units digit of 17915845?
5
What is the tens digit of 2602687?
8
What is the thousands digit of 12041671?
1
What is the millions digit of 13354953?
3
What is the tens digit of 228761?
6
What is the thousands digit of 26457?
6
What is the tens digit of 615650?
5
What is the tens digit of 47559?
5
What is the units digit of 4656674?
4
What is the units digit of 997146?
6
What is the millions digit of 11871331?
1
What is the hundred thousands digit of 14375787?
3
What is the tens digit of 253746?
4
What is the units digit of 5546782?
2
What is the ten thousands digit of 475882?
7
What is the ten thousands digit of 120595?
2
What is the tens digit of 224710?
1
What is the thousands digit of 113192?
3
What is the ten thousands digit of 15122879?
2
What is the ten thousands digit of 377416?
7
What is the thousands digit of 3886769?
6
What is the ten thousands digit of 20554223?
5
What is the units digit of 5401478?
8
What is the hundred thousands digit of 354374?
3
What is the hundreds digit of 2860506?
5
What is the ten thousands digit of 1269698?
6
What is the millions digit of 30294928?
0
What is the millions digit of 2995812?
2
What is the hundreds digit of 667720?
7
What is the hundreds digit of 5293798?
7
What is the hundred thousands digit of 10546965?
5
What is the ten millions digit of 33422037?
3
What is the hundred thousands digit of 1129380?
1
What is the units digit of 1707166?
6
What is the hundreds digit of 90498?
4
What is the hundreds digit of 260324?
3
What is the units digit of 14690246?
6
What is the hundred thousands digit of 398724?
3
What is the tens digit of 162862?
6
What is the thousands digit of 18412579?
2
What is the thousands digit of 1139672?
9
What is the units digit of 1340201?
1
What is the hundreds digit of 800968?
9
What is the thousands digit of 14802449?
2
What is the ten thousands digit of 21067978?
6
What is the units digit of 2454441?
1
What is the hundreds digit of 259653?
6
What is the hundreds digit of 478601?
6
What is the units digit of 569762?
2
What is the hundreds digit of 8949002?
0
What is the hundred thousands digit of 881046?
8
What is the hundred thousands digit of 139518?
1
What is the hundred thousands digit of 225585?
2
What is the units digit of 196409?
9
What is the thousands digit of 5490163?
0
What is the tens digit of 8417597?
9
What is the millions digit of 27949036?
7
What is the hundreds digit of 432426?
4
What is the units digit of 2049145?
5
What is the tens digit of 85633?
3
What is the millions digit of 14250006?
4
What is the hundreds digit of 9243295?
2
What is the hundreds digit of 10526820?
8
What is the hundreds digit of 785808?
8
What is the hundred thousands digit of 751978?
7
What is the millions digit of 1105881?
1
What is the ten thousands digit of 34608980?
0
What is the ten thousands digit of 275703?
7
What is the tens digit of 19658158?
5
What is the ten thousands digit of 5579244?
7
What is the ten thousands digit of 330610?
3
What is the hundred thousands digit of 192862?
1
What is the hundreds digit of 144010?
0
What is the thousands digit of 983158?
3
What is the ten thousands digit of 4753952?
5
What is the units digit of 126095?
5
What is the thousands digit of 6976?
6
What is the hundred thousands digit of 410130?
4
What is the units digit of 4627896?
6
What is the ten thousands digit of 628671?
2
What is the thousands digit of 5136048?
6
What is the hundred thousands digit of 32529738?
5
What is the hundreds digit of 6041495?
4
What is the hundreds digit of 14970583?
5
What is the units digit of 1102124?
4
What is the ten millions digit of 11903627?
1
What is the thousands digit of 8704117?
4
What is the thousands digit of 11864632?
4
What is the ten thousands digit of 4732387?
3
What is the ten thousands digit of 247305?
4
What is the hundred thousands digit of 6167384?
1
What is the thousands digit of 913121?
3
What is the tens digit of 489353?
5
What is the units digit of 20440?
0
What is the tens digit of 8349318?
1
What is the ten millions digit of 20724424?
2
What is the units digit of 1139124?
4
What is the ten thousands digit of 3202860?
0
What is the hundred thousands digit of 2113682?
1
What is the ten thousands digit of 3415310?
1
What is the tens digit of 2801608?
0
What is the hundred thousands digit of 438074?
4
What is the ten thousands digit of 20379642?
7
What is the tens digit of 8496125?
2
What is the hundreds digit of 28839000?
0
What is the millions digit of 34865617?
4
What is the thousands digit of 7414640?
4
What is the tens digit of 516339?
3
What is the tens digit of 3428713?
1
What is the hundred thousands digit of 638289?
6
What is the ten thousands digit of 492401?
9
What is the hundred thousands digit of 123477?
1
What is the thousands digit of 40697?
0
What is the units digit of 29739446?
6
What is the hundred thousands digit of 445366?
4
What is the millions digit of 23722209?
3
What is the ten thousands digit of 11730527?
3
What is the hundred thousands digit of 2751537?
7
What is the ten thousands digit of 949206?
4
What is the hundred thousands digit of 3905677?
9
What is the units digit of 313194?
4
What is the units digit of 177420?
0
What is the hundred thousands digit of 402085?
4
What is the ten millions digit of 10585973?
1
What is the tens digit of 552126?
2
What is the hundred thousands digit of 608367?
6
What is the thousands digit of 564298?
4
What is the hundreds digit of 3036881?
8
What is the hundred thousands digit of 242272?
2
What is the hundreds digit of 433889?
8
What is the ten thousands digit of 759326?
5
What is the units digit of 338407?
7
What is the hundreds digit of 601533?
5
What is the tens digit of 6611466?
6
What is the hundreds digit of 1926543?
5
What is the millions digit of 2005539?
2
What is the thousands digit of 342376?
2
What is the thousands digit of 339327?
9
What is the millions digit of 3336460?
3
What is the hundred thousands digit of 125330?
1
What is the tens digit of 20568185?
8
What is the tens digit of 20816443?
4
What is the units digit of 1908073?
3
What is the ten thousands digit of 227171?
2
What is the ten thousands digit of 21131296?
3
What is the thousands digit of 280293?
0
What is the ten thousands digit of 33552054?
5
What is the hundreds digit of 8794586?
5
What is the units digit of 15536214?
4
What is the thousands digit of 849297?
9
What is the ten millions digit of 26286999?
2
What is the hundred thousands digit of 896147?
8
What is the thousands digit of 263651?
3
What is the ten thousands digit of 481783?
8
What is the units digit of 467489?
9
What is the units digit of 18587?
7
What is the hundred thousands digit of 601196?
6
What is the thousands digit of 1874192?
4
What is the ten thousands digit of 20396990?
9
What is the thousands digit of 130991?
0
What is the tens digit of 10444757?
5
What is the ten millions digit of 16541291?
1
What is the hundreds digit of 186871?
8
What is the tens digit of 1351471?
7
What is the ten thousands digit of 10182632?
8
What is the tens digit of 323165?
6
What is the hundred thousands digit of 13582771?
5
What is the units digit of 711184?
4
What is the millions digit of 1511697?
1
What is the thousands digit of 148799?
8
What is the ten thousands digit of 2462895?
6
What is the millions digit of 8954743?
8
What is the units digit of 25477830?
0
What is the hundreds digit of 169803?
8
What is the units digit of 6360519?
9
What is the tens digit of 252871?
7
What is the ten thousands digit of 14001?
1
What is the hundred thousands digit of 6002437?
0
What is the hundreds digit of 88074?
0
What is the hundreds digit of 2064159?
1
What is the hundreds digit of 720856?
8
What is the units digit of 370069?
9
What is the hundreds digit of 3548207?
2
What is the units digit of 120436?
6
What is the units digit of 107310?
0
What is the units digit of 12306991?
1
What is the hundred thousands digit of 10848852?
8
What is the units digit of 63854?
4
What is the hundred thousands digit of 270064?
2
What is the thousands digit of 2769709?
9
What is the ten thousands digit of 381458?
8
What is the millions digit of 12257